{"id":8,"date":"2017-12-12T12:16:51","date_gmt":"2017-12-12T12:16:51","guid":{"rendered":"https:\/\/katrilli.ch\/?page_id=8"},"modified":"2021-09-19T18:13:50","modified_gmt":"2021-09-19T17:13:50","slug":"kontakt","status":"publish","type":"page","link":"https:\/\/katrilli.ch\/?page_id=8","title":{"rendered":"Kontakt"},"content":{"rendered":"<p>Wir sind gerne bereit, die finnischen Volkst\u00e4nze auch einem weiteren Kreis von Interessenten n\u00e4her zu bringen. M\u00f6chten Sie KATRILLI f\u00fcr ihr Fest engagieren oder haben Sie Lust zum Mittanzen? Nehmen Sie doch einfach Kontakt mit uns auf.<\/p>\n<table>\n<tbody>\n<tr>\n<td><strong>Leiterin<\/strong><\/td>\n<td><strong>P\u00e4ivi Milani<\/strong><\/td>\n<\/tr>\n<tr>\n<td style=\"padding-left: 30px;\">Strasse<\/td>\n<td style=\"padding-left: 30px;\">Wetterchr\u00fczstrasse 15b<\/td>\n<\/tr>\n<tr style=\"padding-left: 30px;\">\n<td style=\"padding-left: 30px;\">Ortschaft<\/td>\n<td style=\"padding-left: 30px;\">CH-4410 Liestal<\/td>\n<\/tr>\n<tr style=\"padding-left: 30px;\">\n<td style=\"padding-left: 30px;\">Telefon<\/td>\n<td style=\"padding-left: 30px;\">+4161 921 06 79<\/td>\n<\/tr>\n<tr style=\"padding-left: 30px;\">\n<td style=\"padding-left: 30px;\">E-Mail<\/td>\n<td style=\"padding-left: 30px;\">paivi.milani(at)gmail.com<\/td>\n<\/tr>\n<tr>\n<td><strong>Finanzen<\/strong><\/td>\n<td><strong>Asta R\u00fcfenacht<\/strong><\/td>\n<\/tr>\n<tr>\n<td style=\"padding-left: 30px;\">Strasse<\/td>\n<td style=\"padding-left: 30px;\">Reinacherstrasse 24<\/td>\n<\/tr>\n<tr style=\"padding-left: 30px;\">\n<td style=\"padding-left: 30px;\">Ortschaft<\/td>\n<td style=\"padding-left: 30px;\">CH-4106 Therwil<\/td>\n<\/tr>\n<tr style=\"padding-left: 30px;\">\n<td style=\"padding-left: 30px;\">E-Mail<\/td>\n<td style=\"padding-left: 30px;\">asta.ruefenacht(at)gmx.ch<\/td>\n<\/tr>\n<tr>\n<td><strong>Vetreterin der finnischen Volkstanzgruppen<\/strong><\/td>\n<td><strong>\u00a0Dagmar Radicke<\/strong><\/td>\n<\/tr>\n<tr>\n<td style=\"padding-left: 30px;\">Strasse<\/td>\n<td style=\"padding-left: 30px;\">Poststrasse 7<\/td>\n<\/tr>\n<tr style=\"padding-left: 30px;\">\n<td style=\"padding-left: 30px;\">Ortschaft<\/td>\n<td style=\"padding-left: 30px;\">CH-4153 Reinach<\/td>\n<\/tr>\n<tr style=\"padding-left: 30px;\">\n<td style=\"padding-left: 30px;\">Telefon<\/td>\n<td style=\"padding-left: 30px;\">+4161 711 04 03<\/td>\n<\/tr>\n<tr style=\"padding-left: 30px;\">\n<td style=\"padding-left: 30px;\">E-Mail<\/td>\n<td style=\"padding-left: 30px;\"><\/td>\n<\/tr>\n<\/tbody>\n<\/table>\n<p><img decoding=\"async\" loading=\"lazy\" class=\"attachment-266x266 \" src=\"https:\/\/katrilli.ch\/wp-content\/uploads\/2018\/01\/logo_m.png\" sizes=\"(max-width: 254px) 100vw, 254px\" srcset=\"https:\/\/katrilli.ch\/wp-content\/uploads\/2018\/01\/logo_m.png 286w, https:\/\/katrilli.ch\/wp-content\/uploads\/2018\/01\/logo_m-100x105.png 100w, https:\/\/katrilli.ch\/wp-content\/uploads\/2018\/01\/logo_m-150x157.png 150w, https:\/\/katrilli.ch\/wp-content\/uploads\/2018\/01\/logo_m-200x210.png 200w\" alt=\"\" width=\"194\" height=\"203\" \/><img decoding=\"async\" loading=\"lazy\" class=\"attachment-266x266 \" src=\"https:\/\/katrilli.ch\/wp-content\/uploads\/2018\/01\/logo_m.png\" sizes=\"(max-width: 254px) 100vw, 254px\" srcset=\"https:\/\/katrilli.ch\/wp-content\/uploads\/2018\/01\/logo_m.png 286w, https:\/\/katrilli.ch\/wp-content\/uploads\/2018\/01\/logo_m-100x105.png 100w, https:\/\/katrilli.ch\/wp-content\/uploads\/2018\/01\/logo_m-150x157.png 150w, https:\/\/katrilli.ch\/wp-content\/uploads\/2018\/01\/logo_m-200x210.png 200w\" alt=\"\" width=\"184\" height=\"193\" \/><img decoding=\"async\" loading=\"lazy\" class=\"attachment-266x266 \" src=\"https:\/\/katrilli.ch\/wp-content\/uploads\/2018\/01\/logo_m.png\" sizes=\"(max-width: 254px) 100vw, 254px\" srcset=\"https:\/\/katrilli.ch\/wp-content\/uploads\/2018\/01\/logo_m.png 286w, https:\/\/katrilli.ch\/wp-content\/uploads\/2018\/01\/logo_m-100x105.png 100w, https:\/\/katrilli.ch\/wp-content\/uploads\/2018\/01\/logo_m-150x157.png 150w, https:\/\/katrilli.ch\/wp-content\/uploads\/2018\/01\/logo_m-200x210.png 200w\" alt=\"\" width=\"188\" height=\"197\" \/><img decoding=\"async\" loading=\"lazy\" class=\"attachment-266x266 \" src=\"https:\/\/katrilli.ch\/wp-content\/uploads\/2018\/01\/logo_m.png\" sizes=\"(max-width: 254px) 100vw, 254px\" srcset=\"https:\/\/katrilli.ch\/wp-content\/uploads\/2018\/01\/logo_m.png 286w, https:\/\/katrilli.ch\/wp-content\/uploads\/2018\/01\/logo_m-100x105.png 100w, https:\/\/katrilli.ch\/wp-content\/uploads\/2018\/01\/logo_m-150x157.png 150w, https:\/\/katrilli.ch\/wp-content\/uploads\/2018\/01\/logo_m-200x210.png 200w\" alt=\"\" width=\"185\" height=\"194\" \/><img decoding=\"async\" loading=\"lazy\" class=\"attachment-266x266 \" src=\"https:\/\/katrilli.ch\/wp-content\/uploads\/2018\/01\/logo_m.png\" sizes=\"(max-width: 254px) 100vw, 254px\" srcset=\"https:\/\/katrilli.ch\/wp-content\/uploads\/2018\/01\/logo_m.png 286w, https:\/\/katrilli.ch\/wp-content\/uploads\/2018\/01\/logo_m-100x105.png 100w, https:\/\/katrilli.ch\/wp-content\/uploads\/2018\/01\/logo_m-150x157.png 150w, https:\/\/katrilli.ch\/wp-content\/uploads\/2018\/01\/logo_m-200x210.png 200w\" alt=\"\" width=\"180\" height=\"189\" \/><\/p>\n","protected":false},"excerpt":{"rendered":"<p>Wir sind gerne bereit, die finnischen Volkst\u00e4nze auch einem weiteren Kreis von Interessenten n\u00e4her zu bringen. M\u00f6chten Sie KATRILLI f\u00fcr ihr Fest engagieren oder haben Sie Lust zum Mittanzen? Nehmen Sie doch einfach Kontakt mit uns auf. Leiterin P\u00e4ivi Milani &hellip;<\/p>\n<p class=\"read-more\"> <a class=\"more-link\" href=\"https:\/\/katrilli.ch\/?page_id=8\"> <span class=\"screen-reader-text\">Kontakt<\/span> Read More &raquo;<\/a><\/p>\n","protected":false},"author":1,"featured_media":213,"parent":0,"menu_order":0,"comment_status":"closed","ping_status":"closed","template":"full-width-page.php","meta":[],"_links":{"self":[{"href":"https:\/\/katrilli.ch\/index.php?rest_route=\/wp\/v2\/pages\/8"}],"collection":[{"href":"https:\/\/katrilli.ch\/index.php?rest_route=\/wp\/v2\/pages"}],"about":[{"href":"https:\/\/katrilli.ch\/index.php?rest_route=\/wp\/v2\/types\/page"}],"author":[{"embeddable":true,"href":"https:\/\/katrilli.ch\/index.php?rest_route=\/wp\/v2\/users\/1"}],"replies":[{"embeddable":true,"href":"https:\/\/katrilli.ch\/index.php?rest_route=%2Fwp%2Fv2%2Fcomments&post=8"}],"version-history":[{"count":22,"href":"https:\/\/katrilli.ch\/index.php?rest_route=\/wp\/v2\/pages\/8\/revisions"}],"predecessor-version":[{"id":948,"href":"https:\/\/katrilli.ch\/index.php?rest_route=\/wp\/v2\/pages\/8\/revisions\/948"}],"wp:featuredmedia":[{"embeddable":true,"href":"https:\/\/katrilli.ch\/index.php?rest_route=\/wp\/v2\/media\/213"}],"wp:attachment":[{"href":"https:\/\/katrilli.ch\/index.php?rest_route=%2Fwp%2Fv2%2Fmedia&parent=8"}],"curies":[{"name":"wp","href":"https:\/\/api.w.org\/{rel}","templated":true}]}}

<p>Wir sind gerne bereit, die finnischen Volkstänze auch einem weiteren Kreis von Interessenten näher zu bringen. Möchten Sie KATRILLI für ihr Fest engagieren oder haben Sie Lust zum Mittanzen? Nehmen Sie doch einfach Kontakt mit uns auf.</p>
<table>
<tbody>
<tr>
<td><strong>Leiterin</strong></td>
<td><strong>Päivi Milani</strong></td>
</tr>
<tr>
<td style="padding-left: 30px;">Strasse</td>
<td style="padding-left: 30px;">Wetterchrüzstrasse 15b</td>
</tr>
<tr style="padding-left: 30px;">
<td style="padding-left: 30px;">Ortschaft</td>
<td style="padding-left: 30px;">CH-4410 Liestal</td>
</tr>
<tr style="padding-left: 30px;">
<td style="padding-left: 30px;">Telefon</td>
<td style="padding-left: 30px;">+4161 921 06 79</td>
</tr>
<tr style="padding-left: 30px;">
<td style="padding-left: 30px;">E-Mail</td>
<td style="padding-left: 30px;">paivi.milani(at)gmail.com</td>
</tr>
<tr>
<td><strong>Finanzen</strong></td>
<td><strong>Asta Rüfenacht</strong></td>
</tr>
<tr>
<td style="padding-left: 30px;">Strasse</td>
<td style="padding-left: 30px;">Reinacherstrasse 24</td>
</tr>
<tr style="padding-left: 30px;">
<td style="padding-left: 30px;">Ortschaft</td>
<td style="padding-left: 30px;">CH-4106 Therwil</td>
</tr>
<tr style="padding-left: 30px;">
<td style="padding-left: 30px;">E-Mail</td>
<td style="padding-left: 30px;">asta.ruefenacht(at)gmx.ch</td>
</tr>
<tr>
<td><strong>Vetreterin der finnischen Volkstanzgruppen</strong></td>
<td><strong> Dagmar Radicke</strong></td>
</tr>
<tr>
<td style="padding-left: 30px;">Strasse</td>
<td style="padding-left: 30px;">Poststrasse 7</td>
</tr>
<tr style="padding-left: 30px;">
<td style="padding-left: 30px;">Ortschaft</td>
<td style="padding-left: 30px;">CH-4153 Reinach</td>
</tr>
<tr style="padding-left: 30px;">
<td style="padding-left: 30px;">Telefon</td>
<td style="padding-left: 30px;">+4161 711 04 03</td>
</tr>
<tr style="padding-left: 30px;">
<td style="padding-left: 30px;">E-Mail</td>
<td style="padding-left: 30px;"></td>
</tr>
</tbody>
</table>
<p><img decoding="async" loading="lazy" class="attachment-266x266 " src="https://katrilli.ch/wp-content/uploads/2018/01/logo_m.png" sizes="(max-width: 254px) 100vw, 254px" srcset="https://katrilli.ch/wp-content/uploads/2018/01/logo_m.png 286w, https://katrilli.ch/wp-content/uploads/2018/01/logo_m-100x105.png 100w, https://katrilli.ch/wp-content/uploads/2018/01/logo_m-150x157.png 150w, https://katrilli.ch/wp-content/uploads/2018/01/logo_m-200x210.png 200w" alt="" width="194" height="203" /><img decoding="async" loading="lazy" class="attachment-266x266 " src="https://katrilli.ch/wp-content/uploads/2018/01/logo_m.png" sizes="(max-width: 254px) 100vw, 254px" srcset="https://katrilli.ch/wp-content/uploads/2018/01/logo_m.png 286w, https://katrilli.ch/wp-content/uploads/2018/01/logo_m-100x105.png 100w, https://katrilli.ch/wp-content/uploads/2018/01/logo_m-150x157.png 150w, https://katrilli.ch/wp-content/uploads/2018/01/logo_m-200x210.png 200w" alt="" width="184" height="193" /><img decoding="async" loading="lazy" class="attachment-266x266 " src="https://katrilli.ch/wp-content/uploads/2018/01/logo_m.png" sizes="(max-width: 254px) 100vw, 254px" srcset="https://katrilli.ch/wp-content/uploads/2018/01/logo_m.png 286w, https://katrilli.ch/wp-content/uploads/2018/01/logo_m-100x105.png 100w, https://katrilli.ch/wp-content/uploads/2018/01/logo_m-150x157.png 150w, https://katrilli.ch/wp-content/uploads/2018/01/logo_m-200x210.png 200w" alt="" width="188" height="197" /><img decoding="async" loading="lazy" class="attachment-266x266 " src="https://katrilli.ch/wp-content/uploads/2018/01/logo_m.png" sizes="(max-width: 254px) 100vw, 254px" srcset="https://katrilli.ch/wp-content/uploads/2018/01/logo_m.png 286w, https://katrilli.ch/wp-content/uploads/2018/01/logo_m-100x105.png 100w, https://katrilli.ch/wp-content/uploads/2018/01/logo_m-150x157.png 150w, https://katrilli.ch/wp-content/uploads/2018/01/logo_m-200x210.png 200w" alt="" width="185" height="194" /><img decoding="async" loading="lazy" class="attachment-266x266 " src="https://katrilli.ch/wp-content/uploads/2018/01/logo_m.png" sizes="(max-width: 254px) 100vw, 254px" srcset="https://katrilli.ch/wp-content/uploads/2018/01/logo_m.png 286w, https://katrilli.ch/wp-content/uploads/2018/01/logo_m-100x105.png 100w, https://katrilli.ch/wp-content/uploads/2018/01/logo_m-150x157.png 150w, https://katrilli.ch/wp-content/uploads/2018/01/logo_m-200x210.png 200w" alt="" width="180" height="189" /></p>

<p>Wir sind gerne bereit, die finnischen Volkstänze auch einem weiteren Kreis von Interessenten näher zu bringen. Möchten Sie KATRILLI für ihr Fest engagieren oder haben Sie Lust zum Mittanzen? Nehmen Sie doch einfach Kontakt mit uns auf. Leiterin Päivi Milani &hellip;</p>
<p class="read-more"> <a class="more-link" href="https://katrilli.ch/?page_id=8"> <span class="screen-reader-text">Kontakt</span> Read More &raquo;</a></p>
